, 3
Suppose 3*a = -y - 266 + 872, 3*y - 4*a - 1779 = 0. What are the prime factors of y?
3, 199
Let i = -1376 - -1960. What are the prime factors of i?
2, 73
Let k = 9 + 5. Suppose -25*v = 4*v - 1392. Let h = v + k. List the prime factors of h.
2, 31
Let m(c) = c**2 + 19*c + 31. Let j be m(-17). List the prime factors of (8 + j)/(-5)*(-218)/2.
109
Let z(x) = -x**3 + 8*x**2 + 10*x + 6. Let s be z(9). Let q = -10 + s. Suppose -19 = -5*u - q*f + 11, -14 = -u - 3*f. List the prime factors of u.
2
Let s(b) = -291*b**3 - 4*b**2 + 3*b - 2. What are the prime factors of s(-2)?
2, 3
Let j be (-3)/(-6) - (-2)/4. Let x(y) = 9*y**2 + y - 2. List the prime factors of x(j).
2
Suppose 4*p - 46 = -2*a, 3*p - 4*a = 6*p - 32. Let s = 20 - p. Suppose -c = -s - 21. What are the prime factors of c?
29
Suppose -994 = -7*t + 1561. List the prime factors of t.
5, 73
Let d = -9 + 15. Let p be (d/(-2))/((-9)/6). Suppose 0 = -g + f + p*f + 46, g - 50 = 4*f. List the prime factors of g.
2, 17
Suppose -3*k + 60 = 9*k. Suppose -k*t + 484 = -t. List the prime factors of t.
11
Let d(s) = 89*s**2 - 2*s - 1. Let u be d(-1). Let a be (u/8)/(-3)*-24. Suppose -a = -3*l - 2*l. List the prime factors of l.
2, 3
Let n(t) = 7*t**3 - 1. Let u be n(1). Suppose -5*p + 455 = 5*l, 6 = -4*p - u. Let i = -28 + l. What are the prime factors of i?
2, 3, 11
Let z = 230 - -849. List the prime factors of z.
13, 83
What are the prime factors of ((-144)/28 - 6)*112*-1?
2, 3, 13
Let p(v) = -6*v**2 - 3*v + 3. Let o be p(-3). Let g be ((-28)/o)/(2/459). Suppose -2*m - m = -g. List the prime factors of m.
3, 17
Let p(f) be the third derivative of f**4/6 + 2*f**3/3 - 8*f**2. Let b be p(4). Suppose 3*x + 85 = 2*j - 0*j, -b = 4*x. What are the prime factors of j?
5, 7
Let g = -536 + 927. List the prime factors of g.
17, 23
Suppose -3*v = 2*o + 5, 4*v - 6*v = 2. Let f be (-2 - o)/(7/(-28)). Suppose 12 = a + c, -f*a = -0*c + 5*c - 47. What are the prime factors of a?
13
Let s(w) = -183*w + 46. Let k(f) = -37*f + 9. Let j(n) = -11*k(n) + 2*s(n). What are the prime factors of j(7)?
2, 5, 7
Let x = 1127 + -531. Suppose 5*s = -3*z + x, 3*z = 4*s + 496 + 118. What are the prime factors of z?
2, 101
Let h = 8 + 2. Suppose h = -2*l + 5*b + 63, 5*l - 60 = -2*b. Suppose -51 = -g - l. List the prime factors of g.
37
Let u(s) = -149*s + 13. List the prime factors of u(-1).
2, 3
Suppose 27*r = 29*r - 3344. What are the prime factors of r?
2, 11, 19
What are the prime factors of (3 - 0) + 927 + 33?
3, 107
Let o(u) be the second derivative of 3*u**5/40 + u**4/12 - u**3/6 - u. Let i(b) be the second derivative of o(b). What are the prime factors of i(2)?
2, 5
Suppose 12*c = 7*c + 2125. What are the prime factors of c?
5, 17
Let b(u) = -u**3 + 6*u**2 - 7*u + 4. Let q be b(4). Let p be 94/q + 1/4. Suppose -p = -2*k + 10. List the prime factors of k.
11
List the prime factors of (-4986)/27*(-12)/8.
277
Let k be (-1)/(27/(-26) + 1). Suppose n - k = -4. Suppose 2*j - 6 = n. List the prime factors of j.
2, 7
Suppose 4*c + 7 = -13. What are the prime factors of 1*53*(-3 + (-20)/c)?
53
Let s(o) = 38*o - 29. What are the prime factors of s(5)?
7, 23
Let n(y) = -3*y**3 - 5*y**2 - 6*y - 7. Let x be n(-3). Let c = x - 39. Suppose -13*p + 120 = -c*p. What are the prime factors of p?
2, 3
Suppose 0 = 21*f + 5*f - 28470. List the prime factors of f.
3, 5, 73
Let d = -3167 - -7539. List the prime factors of d.
2, 1093
Let x = 22 - 20. Let j = x + 14. List the prime factors of j.
2
Let l = -21 - -28. Suppose 2*a - l*a + 20 = 0. Suppose 0*w - 12 = -a*w. List the prime factors of w.
3
Let y be ((-3 - 21)/3)/(-2). Suppose -3*q = 3*m - 4*m + 112, 0 = -y*m + q + 481. What are the prime factors of m?
11
Suppose 0 = s + 4*x - 13, 0 = 4*s - x + 2*x - 22. Suppose 4*w = 2*l + 2*l - 28, 4*w + 10 = -s*l. List the prime factors of (-3)/l*160/(-15).
2
Let d = -25 + 25. List the prime factors of 6 + 74 + (4 - d).
2, 3, 7
Suppose i - 938 = -2*k + 3278, -5*i = -5*k - 21125. What are the prime factors of i?
2, 2111
Suppose 0 = 2*r + r + 3*s - 1359, s + 2241 = 5*r. List the prime factors of r.
449
Suppose 43396 = 45*i - 40394. List the prime factors of i.
2, 7, 19
Suppose -16 = 2*p - 3*t + 20, 3*p - 5*t + 54 = 0. Let n = 19 - p. What are the prime factors of n?
37
Let x be 33/(-22)*26/(-3). Let d = 16 - x. List the prime factors of d/((-3)/(-40))*1.
2, 5
Let a = 6 + -6. Suppose -72 = -2*z + x, a = -3*z + x - 5*x + 130. List the prime factors of z.
2, 19
Suppose -16*l + 1008 = -976. What are the prime factors of l?
2, 31
Suppose -4*j = 2*c - 2044, 2*c + 30*j - 2044 = 34*j. List the prime factors of c.
2, 7, 73
Suppose -3*g + 1346 = -x, -2*g = x - 6*x - 919. Suppose -3*n - g = -3*b, -4*n = -0 - 4. List the prime factors of b.
2, 3, 5
Let y = -77 + 97. What are the prime factors of 1 + 2790/y + 2/4?
3, 47
What are the prime factors of (75/(-27) - -3) + (-14920)/(-90)?
2, 83
Suppose 0 = 4*l + 4*k - 16, 4*k - 13 = l - 2. Let n(u) = 61*u. What are the prime factors of n(l)?
61
Let r(w) = -10*w**3 + 18*w**2 + 4*w + 6. What are the prime factors of r(-6)?
2, 3, 5, 31
Suppose 0 = d - 3 - 1. Suppose k = -3*w + 55, 4*k - 5*w + d*w = 207. Suppose -4*g = -j + 6*j - 20, -3*j - k = -4*g. List the prime factors of g.
2, 5
List the prime factors of (1 - -1579)*(-198)/(-330).
2, 3, 79
Suppose -4*n + 1720 = -572. What are the prime factors of n?
3, 191
Suppose 0 = -0*p + 3*p + 120. Let l = p - -28. Let n = 6 - l. What are the prime factors of n?
2, 3
Let q(x) = x + 23. Let v(t) = -10*t + 3. Let n be v(-1). List the prime factors of q(n).
2, 3
Let z(t) = t - 2. Let j be z(4). Let v be 3/j*2580/45. Suppose -4*n + 50 + v = 0. What are the prime factors of n?
2, 17
Let c = -4 - -13. Suppose -72 = c*l - 18*l. What are the prime factors of l?
2
Suppose 0 = -4*j - 25 + 65. Suppose -j*k = -9*k - 84. List the prime factors of k.
2, 3, 7
Suppose 0 = 5*w - 0*w - 15. Suppose w*m + 0*m + 54 = 0. List the prime factors of (-4)/m + (-387)/(-81).
5
Let h(v) = 4*v**2 - 12*v + 32. List the prime factors of h(-9).
2, 29
Suppose 1027*g + 2107 = 1034*g. What are the prime factors of g?
7, 43
Let l(u) = -9*u - 29. Let n be l(-18). Suppose 3*z = 4*w - n - 352, 3*w - 3*z = 363. What are the prime factors of w?
2, 61
Let d be (-1757)/(-21) - (-2)/6. Let v = d + -50. What are the prime factors of v?
2, 17
Let v = 288 - 110. List the prime factors of v.
2, 89
Let v(m) = -110*m**3 + 9*m**2 + 16*m + 2. List the prime factors of v(-3).
5, 601
Let d(c) = 1. Let n(i) = -7*i + 9. Let x(r) = 6*d(r) - n(r). Let j be x(5). Let g = j + 47. What are the prime factors of g?
79
Let y = 230 - 62. Suppose 0 = -5*j + 207 + y. What are the prime factors of j?
3, 5
Suppose -4*d + 672 = -d. Let c be (d/3)/(-7)*6. Let s = c - -107. List the prime factors of s.
43
Let p = 63 + -124. Let m = -46 - p. List the prime factors of m.
3, 5
Let u(d) = 13*d**2 + 8 - 2*d - 7 - 2*d**2. What are the prime factors of u(1)?
2, 5
Let p be 4 - 6 - (-2 + -2). Let f = -12 - p. Let h(d) = d**2 + 12*d + 5. List the prime factors of h(f).
3, 11
Let s(t) = -21*t + 22. Let k be s(-8). Suppose -k = -m - m. List the prime factors of m.
5, 19
Let x = 259 + 974. List the prime factors of x.
3, 137
Let h = -19 + 19. Suppose h = -4*n + 10 + 6, -5*m = n - 174. Let i = m + -11. List the prime factors of i.
23
Let j(n) = n - 8. Let m be 1 - (3 - (6 - -2)). Let p be j(m). What are the prime factors of (p/(-6))/((-1)/(-63))?
3, 7
List the prime factors of 2/2 - (-1193 + -2).
2, 13, 23
List the prime factors of (12/15)/((-58)/(-130645)).
2, 17, 53
Let x(u) = 4010*u + 41. What are the prime factors of x(1)?
4051
Let p(f) = -10*f**2 + 6*f - 11. Let a(u) = 19*u**2 - 12*u + 21. Let k(t) = 6*a(t) + 11*p(t). List the prime factors of k(6).
113
Suppose 2*p = 2 + 6. What are the prime factors of 53 + ((-3)/(-9) - p/(-6))?
2, 3
Let m(s) = 2*s**2 - 8*s - 7. Let j be m(-5). Let p = j + -27. List the prime factors of p.
2, 7
Suppose -2*q - 21 + 3 = -5*g, 0 = -4*q + g. Let d be 131/(3 - 2)*q. Suppose 2*k = d + 25. What are the prime factors of k?
2, 3, 13
Let u be (19300/8)/5*2. Suppose 5*z - j = -263 + u, z = -j + 138. Suppose 5*h + 0*h = z. What are the prime factors of h?
2, 7
Let m = -35 - -33. Let d(z) = -9*z**3 - z**2 - 3*z - 3. List the prime factors of d(m